{"id":9856,"date":"2023-08-07T18:12:56","date_gmt":"2023-08-07T18:12:56","guid":{"rendered":"https:\/\/thirteenroses.es\/?post_type=product&#038;p=9856"},"modified":"2023-08-12T10:29:43","modified_gmt":"2023-08-12T10:29:43","slug":"pack-40-pegatinas","status":"publish","type":"product","link":"https:\/\/thirteenroses.es\/?product=pack-40-pegatinas","title":{"rendered":"PACK 40 PEGATINAS"},"content":{"rendered":"","protected":false},"excerpt":{"rendered":"<h4>IMPORTANTE: El precio de las pegatinas incluye el env\u00edo por correo ordinario, para habilitarlo introduce en el momento de la compra el cup\u00f3n ENVIO_ORDINARIO<\/h4>\n<p>El pack incluye:<\/p>\n<ul>\n<li>20 pegatinas de &#8220;Amiga no necesitas un libro de autoayuda&#8230;&#8221;<\/li>\n<li>20 pegatinas de &#8220;Nosotras ped\u00edamos que nos tratarais&#8230;&#8221;<\/li>\n<\/ul>\n<p>&nbsp;<\/p>\n<p>Si prefieres que las 20 pegatinas sean de un mismo dise\u00f1o, a\u00f1\u00e1delo en comentarios del pedido o h\u00e1zmelo saber por cualquier m\u00e9todo de contacto (e-mail o redes sociales).<\/p>\n","protected":false},"featured_media":9853,"comment_status":"open","ping_status":"closed","template":"","meta":{"spay_email":"","jetpack_publicize_message":"","jetpack_is_tweetstorm":false},"jetpack_publicize_connections":[],"jetpack_sharing_enabled":true,"_links":{"self":[{"href":"https:\/\/thirteenroses.es\/index.php?rest_route=\/wp\/v2\/product\/9856"}],"collection":[{"href":"https:\/\/thirteenroses.es\/index.php?rest_route=\/wp\/v2\/product"}],"about":[{"href":"https:\/\/thirteenroses.es\/index.php?rest_route=\/wp\/v2\/types\/product"}],"replies":[{"embeddable":true,"href":"https:\/\/thirteenroses.es\/index.php?rest_route=%2Fwp%2Fv2%2Fcomments&post=9856"}],"wp:featuredmedia":[{"embeddable":true,"href":"https:\/\/thirteenroses.es\/index.php?rest_route=\/wp\/v2\/media\/9853"}],"wp:attachment":[{"href":"https:\/\/thirteenroses.es\/index.php?rest_route=%2Fwp%2Fv2%2Fmedia&parent=9856"}],"curies":[{"name":"wp","href":"https:\/\/api.w.org\/{rel}","templated":true}]}}